 31
Suppose 4*z = 5*w - 1716, -w - 2*z + 346 = -0*z. Suppose 3*k - 659 - w = -q, -5*q + 4943 = -3*k. List the prime factors of q.
991
Let a = 121918 + -81643. List the prime factors of a.
3, 5, 179
Let g = 82 - 69. Suppose g*m - 220 = 1431. List the prime factors of m.
127
Let w = 152 - 147. Suppose 4*k + 2*d = 70, k + w = 2*d + 25. Let f(o) = 9*o - 35. List the prime factors of f(k).
127
Let p(z) = z**3 - 12*z**2 + 35*z - 1. Let h be p(4). Suppose 4348 = h*c + 641. What are the prime factors of c?
337
Let w(s) = s + 7. Let g be w(-4). Suppose -2*o + 1322 = g*y, -1258 = -4*y - o + 508. Suppose -y = -4*f + 82. List the prime factors of f.
131
Suppose 23 + 7 = 5*l + 4*c, 2*l - 14 = -2*c. Suppose 5*h + 244 = 4*g, -3*h - 3*g = -l*g + 160. List the prime factors of ((-26)/(-4))/((-13)/h).
2, 13
Let c = 270 - 266. Suppose -5*u - 22*f + 24*f = -2217, -c*u + 3*f + 1768 = 0. List the prime factors of u.
5, 89
Let y(r) = -5*r - 14. Let g be y(-14). Suppose -42 = 5*s + 98. Let f = g - s. What are the prime factors of f?
2, 3, 7
Let i(y) be the first derivative of 25*y**3/3 + 5*y**2 - 11*y - 11. Let q be i(4). Suppose -1189 + q = -8*s. List the prime factors of s.
5, 19
List the prime factors of 22 + 0 - (-28061836)/407.
2, 3, 5, 11, 19
Let s(v) = 7*v**2 - 7 + 26 + 6*v**2 - 12*v**2 + 13*v. List the prime factors of s(9).
7, 31
Let a(r) = -10*r - 13. Suppose 38*t = 36*t - 8. List the prime factors of a(t).
3
Suppose -2*c - 5*y + 229 = 0, -4*y + 8 + 12 = 0. Let v = 124 + c. What are the prime factors of v?
2, 113
Suppose 75*y + n = 72*y + 109088, 2*y - 3*n - 72707 = 0. What are the prime factors of y?
13, 2797
Suppose 5*s - 5*p = 50, -5*s - 2*p + 77 = -8. Suppose 0 = x + s - 137. Suppose n + x = 4*c + 21, 77 = 3*c - n. List the prime factors of c.
2, 3
Let r = -149 - -154. Suppose -r*s = 5*x - x + 13, -4*s - 23 = -x. List the prime factors of x.
3
Let q = 389 + -399. List the prime factors of (q/15)/((-3)/3231).
2, 359
Let y(u) = -385*u + 44. What are the prime factors of y(-6)?
2, 11, 107
List the prime factors of (-288)/(-32) - 20191*-4.
7, 11, 1049
Let g = -2 - -4. Suppose 0 = -652*i + 654*i - 400. Suppose -g*v + 4*z = -i, z + 4*z - 86 = -v. List the prime factors of v.
2, 3
Let z be (-2 - 1/(-1))/((-1)/60). Suppose 8*g - z = 7*g. List the prime factors of ((-55)/2 + -1)*g/(-9).
2, 5, 19
Suppose 50*u - 23*u = 24*u. List the prime factors of (-4)/(-16)*u - -460.
2, 5, 23
Let q be ((-7)/(-2))/((-25)/(-1850)). Suppose -d + 2*l + 73 = 0, -3*d = -0*d + 2*l - q. List the prime factors of d.
83
Suppose -9*b + 39120 = -4*b + 5*a, 0 = 5*b - a - 39120. List the prime factors of b.
2, 3, 163
Let n(m) = 1608*m + 5319. What are the prime factors of n(4)?
3, 3917
Let x = 15013 - 9510. What are the prime factors of x?
5503
Suppose -6*n + 8 = -16. Suppose 6 = -n*f - 2*r, -3*f = r + 2 - 0. List the prime factors of 1/(f/95) + 1.
2, 3
Suppose -3*x = z - 77, -11*x - 107 = -z - 8*x. Let m(s) = s**3 + 4*s**2 - 3. Let f be m(-3). Suppose -f*g = -320 + z. What are the prime factors of g?
2, 19
Let r = -3690 + 8717. What are the prime factors of r?
11, 457
Suppose 0 = h + 2*p - 6, 6*h = 9*h - p - 25. Let g(b) = b**3 - 5*b**2 + 61*b - 8. List the prime factors of g(h).
2, 3, 7
Let o be ((1 - 7) + 2)*2 + 2. Let d be -2 + -4 + 3 - o - -2. List the prime factors of 1/d - 7756/(-70).
3, 37
Suppose 5*b - 55415 = -2*y, 915*b - y = 912*b + 33238. List the prime factors of b.
7, 1583
Let p(z) = 34*z**2 + 7*z - 13. Let j be p(4). Suppose 26*x + j = 4*k + 25*x, 4*x - 302 = -2*k. What are the prime factors of k?
3, 47
Suppose -9*f + 0*f + 26363 = 3665. What are the prime factors of f?
2, 13, 97
Let c(v) = -5*v**3 - 2*v**2 - v - 2. Let y(q) = -q**2 - q + 10. Let i be y(7). Let s = 44 + i. What are the prime factors of c(s)?
2
Let o = -36178 + 52905. List the prime factors of o.
43, 389
Suppose l = 2, -566 = -4*j - 0*j + l. What are the prime factors of 3/(-6)*-1*(j + -2)?
2, 5, 7
What are the prime factors of 6/(-4)*(-2 + -40586) - 744/372?
2, 5, 761
Let c(v) = 2*v**2 - v + 19. Suppose 2*b + 2*b + 3*u = 53, -5 = 5*u. Suppose -b*s + 12*s + 10 = 0. What are the prime factors of c(s)?
2
Suppose 110*q + 96*q + 891621 = 4159605. What are the prime factors of q?
2, 3, 661
Let q(x) = 18*x - 16. Let k = 27 - 18. Let n be q(k). What are the prime factors of (-3)/(140/n - 1)?
73
Let x be 172/22 - (-2 - (-80)/44). Suppose 4*z = 2*f + x, 0 = -z - 0*f - 3*f + 16. What are the prime factors of z?
2
Let z(q) = 28*q - 6. Let x be z(4). Suppose 3*w = -2*n - 69, -n - 2*w - 3 = 32. Let y = x + n. List the prime factors of y.
73
Let s(w) = 356*w + 210*w + 54*w + 2. List the prime factors of s(1).
2, 311
Let k(z) = -z**3 + 35*z**2 + 8*z - 35. Let x be k(36). Let p = -349 - x. List the prime factors of p.
2, 347
Let b = 72607 - 43407. List the prime factors of b.
2, 5, 73
List the prime factors of 3 + -10 + (-47524)/(-4).
2, 3, 1979
Let h(o) = o**2 + 484*o - 12022. What are the prime factors of h(25)?
19, 37
Suppose 6*k = 39 - 213. Let c = -9 - k. List the prime factors of c.
2, 5
Let b(x) = 8*x**3 - 2*x**2 + 3*x - 3. Let o be b(2). Suppose -185 = -3*g - 122. Let c = g + o. List the prime factors of c.
2, 5
Let o(r) = -3*r**3 - r**2 - r - 1. Let b be o(-1). Suppose 0*m + 55 = 3*m - 2*y, b*m - 22 = 5*y. Let f = m + 26. What are the prime factors of f?
47
Suppose 97 = -7*h + 5207. Suppose 301 = -2*j - 4*s + 9*s, 5*j - 5*s + h = 0. Let i = 223 + j. What are the prime factors of i?
2, 5
Suppose -2*a + 8972 = -32*x + 35*x, -3*x + 13455 = 3*a. List the prime factors of a.
4483
Let x = -3034 - -4264. Suppose 13*t = 19*t - x. List the prime factors of t.
5, 41
Let h(s) be the first derivative of -35*s**2 + 378*s - 228. What are the prime factors of h(-13)?
2, 7, 23
Let p(w) = -20*w - 161. Let u be p(-8). Let x(c) = 793*c**2 + 5*c + 5. What are the prime factors of x(u)?
13, 61
Suppose 4*b - 15*h = -13*h + 22560, -24 = 4*h. What are the prime factors of b?
3, 1879
Let f = 71 - 39. Let o be (-2)/(-2 - f/(-14)). Let c(a) = 2*a**2 + 5*a + 6. List the prime factors of c(o).
3, 23
Suppose -3*x + 3*l + 33 = 0, 0 = -2*x - l - 1 + 8. Let h(g) = 3*g**3 + 22*g**2 - 18*g - 9. Let p be h(-8). What are the prime factors of ((3 - p) + x)*92?
2, 23
Let k(j) = -20*j**3 + 2*j**2 - 10*j - 9. Let r be k(-2). Suppose -r - 131 = -2*o. What are the prime factors of o?
5, 31
Let z be ((-57)/38)/(10/(-8) + 1). Suppose q - z = -9. What are the prime factors of (-62)/q*(-3)/(-2)?
31
Suppose -2*p - 3*p = -3*y - 97, -4*p - y = -64. Suppose -c + w + 408 = 0, 13*c - 4*w + 1616 = p*c. List the prime factors of c.
2, 7, 29
Suppose 4*a = -2*o + 70, 0 = 4*o + 3*a + 1 - 131. Suppose 0 = -4*x - 20, 4*y + 0*y = x + 161. Let c = o + y. What are the prime factors of c?
2, 5, 7
Suppose -4*i = -7*i + 9, p - 2*i + 21 = 0. Let h(k) = -12*k**2 - 17*k - 10 + 19*k**2 - 8*k**2. What are the prime factors of h(p)?
2, 5
Let k = 1169 + -1167. Let b(w) = 6*w**2 - w - 9. Let i be b(-7). What are the prime factors of (7/k + -3)/(2/i)?
73
List the prime factors of 48/(-40) + 569340/75.
2, 3, 5, 11, 23
Let y(b) = 6*b**2 + 6*b - 72. Let d = -295 - -284. List the prime factors of y(d).
2, 3, 7
List the prime factors of 1 + (-4 - -11 - (-44540)/10).
2, 23, 97
Let b(w) = -63*w + 49. List the prime factors of b(-11).
2, 7, 53
Suppose -3*j + 50007 = -6*i, 5*j - 83317 = -26*i + 29*i. What are the prime factors of j?
16661
Suppose 4*k + 976 = u, -3*u + 29 = 2*k - 2955. Suppose 9*p - u = 5*p. Suppose -6*r + p + 310 = 0. What are the prime factors of r?
3, 31
Suppose 44*s = 50*s + 3*l - 123246, -5*s - l = -102714. List the prime factors of s.
2, 3, 107
Let x(f) = -2*f**2 - 17*f + 3. Let u be x(-7). Suppose u = 5*c - c. List the prime factors of 0 + 1 + -2 + 1*c.
5
Let a = 12 + -33. Let t = a + 30. Let q = 25 + t. What are the prime factors of q?
2, 17
Let x(z) = 164*z**2 + 3*z + 11. Let a be x(3). Let i = 2623 - a. List the prime factors of i.
7, 23
Suppose -3*b + 472 = -200. Let h = b - 198. What are the prime factors of h?
2, 13
Let u(q) = -11*q + 14. Let h be (-75)/(-100)*(-4)/1. Let j(b) = -98*b + 126. Let v(d) = h*j(d) + 28*u(d). List the prime factors of v(-7).
2, 7
Suppose -12092 = 4*v + 3*s, 6124 = -3*v + 4*s - 2920. Let j = v + 4737. List the prime factors of j.
17, 101
